 What is the greatest common divisor of m and x?
14
Suppose -2*m - 5 = 2*o - 31, -2*m + 2*o + 46 = 0. What is the greatest common factor of 12 and m?
6
Suppose -2*o - 2 = 8. Let k be ((-3)/o)/(6/150). Calculate the greatest common factor of k and 15.
15
Let t(d) = 4*d**2 + 3*d + 1. Let y = -41 + 76. Suppose 5*z = 5*o - y, -5 = z + 5*o - 28. Let w be t(z). What is the greatest common factor of 1 and w?
1
Let p(m) = m**2 - 8*m + 26. Let n be p(5). What is the highest common divisor of 99 and n?
11
Suppose 11*i - 6 = 10*i. Calculate the greatest common divisor of 30 and i.
6
Suppose 3*j - 39 = 207. Suppose 0*v + z + j = 4*v, 107 = 5*v + z. What is the greatest common divisor of 231 and v?
21
Let i = -4 + 4. Suppose i*x + 1 = -x. Let c = 0 - x. Calculate the highest common divisor of 8 and c.
1
Suppose 2*y - 179 = 85. What is the greatest common factor of y and 12?
12
Suppose -b + 4*b + 4*q - 263 = 0, 2*b - 137 = 5*q. Calculate the greatest common divisor of b and 9.
9
Let r(m) = m**3 + 7*m**2 + 11*m + 10. Let x be r(-4). Let f = 4 + -2. What is the greatest common factor of f and x?
2
Suppose -3*q + 400 = 2*c, 3*q - 255 = q + c. What is the highest common divisor of 52 and q?
26
Suppose d = -19 + 24. Suppose 0*m - 90 = -2*m. Calculate the greatest common factor of m and d.
5
Suppose 13*s = 10*s + 9. Calculate the greatest common divisor of s and 12.
3
Let i = 3 - 2. Let u be i/(1/(-4))*-1. Let h(l) = -4*l - 4. Let w be h(-7). What is the greatest common divisor of u and w?
4
Let g be (-123)/2*(-8)/6. Suppose 5*c = -22 + g. Suppose -2*f + 12 = 4. What is the highest common factor of c and f?
4
Let c be 126 - -7 - 6/2. Calculate the highest common factor of 26 and c.
26
Suppose 0*y - 2*y + 4 = 0, -2*y + 16 = 3*s. What is the highest common divisor of s and 28?
4
Let t be (-266)/(-7) + (3 - 1). What is the highest common divisor of 10 and t?
10
Let l(g) = g + 7. Let r be l(-3). Calculate the highest common factor of 16 and r.
4
Suppose 0 = 4*p - 6*p - 76. Let w = 11 - 28. Let m = w - p. What is the highest common divisor of 42 and m?
21
Let u = -63 + 78. Calculate the highest common factor of 6 and u.
3
Suppose o + 4 = 3, 4 = 2*h + 4*o. Suppose -5*q + 150 + 60 = 5*k, -q + 40 = 2*k. Calculate the highest common factor of q and h.
4
Let i(l) = -2 - 7 + 5 + 2*l. Let c be i(4). Suppose c*o + 17 = 5*q, 2*q + 10 = -3*o - o. Calculate the greatest common factor of 7 and q.
1
Suppose -2*g + 42 = g. Let q = g - 5. Calculate the highest common divisor of q and 99.
9
Let s be 6/(-8) + (-4728)/(-32). What is the highest common factor of 21 and s?
21
Let o = 26 + -16. Suppose -17*f - 60 = -13*f. Let z be 4/(-12)*f - 3. What is the greatest common divisor of z and o?
2
Let n(m) = 2*m - 13. Let v be n(13). Calculate the highest common factor of 26 and v.
13
Let i(r) = -7*r + 1. Let h be i(3). Let l = -13 - h. What is the greatest common divisor of l and 21?
7
Suppose 0 = -z + 6 + 4. Suppose 35*w - 26 = 44. What is the greatest common divisor of w and z?
2
Let a = 14 + -7. Let u = -244 - -251. What is the highest common divisor of u and a?
7
Suppose y - 80 = -3*s + 16, -356 = -4*y + 2*s. Suppose 5*o = -197 + 17. Let r = o + y. What is the greatest common divisor of r and 6?
6
Let r be (-2 - -6) + -2 + 115. Calculate the greatest common divisor of r and 13.
13
Let m = 14 + 24. Suppose 2*i = j - 1 - 18, 95 = 5*j + 5*i. What is the greatest common divisor of m and j?
19
Let o = 14 + -1. Calculate the highest common divisor of 65 and o.
13
Suppose 0*n - 5*n + 340 = 0. Let r = n - 4. What is the greatest common factor of r and 16?
16
Let x = -48 + 168. Let b(s) = s**3 - 34*s**2 + 64*s + 15. Let y be b(32). What is the highest common factor of y and x?
15
Let n be 12*(2 - 15/9). Suppose d + n*d = -25, 5*d - 15 = -5*u. What is the greatest common factor of u and 24?
8
Let a(f) = -f + 1. Let u be a(-5). Let h(w) = 2*w**2 - 7*w - 6. Let m be h(u). Suppose -6*v + 4*v + m = 0. What is the greatest common factor of 4 and v?
4
Let k be (-2)/5 + 148/20. Let s = 3 + k. Calculate the greatest common divisor of 2 and s.
2
Let h = -24 + 34. Let f(s) = s**2 + 2*s - 6. Suppose -b - 6 = -2. Let u be f(b). What is the greatest common divisor of h and u?
2
Let o be 3/((-1)/(2/(-2))). Let c be -3*1*(-8)/o. Let h be 66/c*(-8)/(-2). Calculate the highest common factor of 11 and h.
11
Suppose -5*c = 4*a + 23, -a = -6*a - 4*c - 31. Let i = 12 + a. Let j be (1*-1)/(i/(-60)). What is the highest common factor of j and 24?
12
Suppose 4*n = -4*m + 88, -n + 2*n - 2*m = 16. What is the greatest common factor of 140 and n?
20
Suppose 5*u + 23 = -3*j, -3*j + 0*j = 3*u + 21. Let t be (2 - -1)*(-2)/j. What is the highest common factor of 3 and t?
1
Suppose 10 = 3*j - 2*j. Suppose -6*f + 50 = 5*l - 2*f, 3*l + 4*f = 30. What is the greatest common factor of l and j?
10
Let k(t) = -t + 3. Let a be k(8). Let d be (3 + 2)*(-99)/a. What is the greatest common factor of d and 11?
11
Let i = 101 + 42. What is the greatest common divisor of 13 and i?
13
Let j = 45 - 36. What is the greatest common divisor of 72 and j?
9
Let z be -4 - (-46)/(2 + 0). What is the highest common divisor of 171 and z?
19
Let s = 19 - -2. Calculate the highest common divisor of s and 28.
7
Suppose f = -0 - 3, 158 = -2*d + 4*f. Let z = 293 + d. Calculate the greatest common factor of z and 26.
26
Let x = 19 + -8. Let g = -6 - -28. Calculate the highest common factor of g and x.
11
Let d(u) = 2*u**3 - 2*u**2 + u + 4. Let k be d(2). What is the greatest common factor of 2 and k?
2
Suppose -2*k - 2*k = 2*j - 104, -3*k - j + 76 = 0. Let u(b) = -68*b + 1. Let l be u(2). Let s be ((-8)/6)/(3/l). What is the highest common divisor of k and s?
12
Let p(z) = 5*z + 5. Suppose 5*y - 22 = v + 2*v, 2 = 2*v. Let l be p(y). What is the greatest common divisor of 12 and l?
6
Suppose x - 3*x = -70. What is the greatest common factor of x and 14?
7
Let g = 14 + -34. Let y(i) = 31*i**2 - i. Let h be y(1). Let j = h + g. Calculate the highest common divisor of 5 and j.
5
Suppose 3*i + 4*f = 37, 17 = 4*i - f - 26. Calculate the greatest common factor of i and 55.
11
Let v(o) = 4*o**3 + o**2 - o + 1. Let r be v(1). Suppose d + 4 = 2*d. Suppose -175 - 45 = -d*y. What is the greatest common factor of r and y?
5
Suppose 0 = 4*u - 5*u + 100. Calculate the greatest common factor of u and 25.
25
Let l = 1 + 2. Suppose -80 = -l*r - 2*r. What is the greatest common divisor of 24 and r?
8
Let t(l) = 6*l + 10. Let f be t(-8). Let j = f + 53. What is the greatest common factor of 5 and j?
5
Suppose -5*n = 6 - 26. Let v be 38/n + (-2)/(-4). Let z be ((-12)/v)/((-12)/80). Calculate the greatest common divisor of z and 4.
4
Suppose -85 = -5*g - 5. Let t = 140 + -116. What is the highest common divisor of g and t?
8
Suppose -z = 3*d + 9, -z - 4*d - 9 = 5. Suppose z*q = 5*q + 5. Suppose -2*f = -i + 31, -3*i - 2*f - f + 66 = 0. What is the greatest common divisor of q and i?
5
Suppose -4*p - 10 = -5*p. Suppose 2*i - 25 = 13. Suppose 41 = 3*t - i. What is the highest common divisor of p and t?
10
Suppose -j - 144 = -19*j. Calculate the highest common divisor of j and 28.
4
Suppose -37 = -c - 0*x - 3*x, 0 = -3*c + 2*x + 122. Suppose 2*f + 5*k = -2*f + 34, -4*f = 2*k - c. Calculate the highest common factor of 99 and f.
11
Let c = 1 - 2. Let y = c - -12. What is the greatest common divisor of y and 11?
11
Let d be ((-4)/(-6))/(4/42). Let l = 36 + 18. Suppose -3*q = l - 201. Calculate the greatest common factor of q and d.
7
Let f = 59 - -19. Calculate the greatest common divisor of 52 and f.
26
Let w be ((-24)/2)/(2 + -1). Let o(l) = -8*l + 14. Let b be o(w). Calculate the greatest common factor of b and 10.
10
Let t(a) = -a**2 - 7*a + 3. Let j be t(-7). Suppose 2*z + k = 4*k, j*z + 5*k = 19. Suppose 0 = 4*d - 6 - 90. Calculate the highest common divisor of d and z.
3
Let f(i) = 5*i**3 + i**2 - 3*i - 1. Let u(s) = 4*s**3 - 4*s - 1. Let w(d) = -3*f(d) + 4*u(d). Let z be w(5). What is the greatest common divisor of 154 and z?
14
Suppose 94 = -15*b + 589. What is the greatest common divisor of b and 77?
11
Suppose 8*b - 7*b - 34 = 0. Calculate the greatest common divisor of b and 17.
17
Let g(j) = 4*j**2 - j + 4. Let u be g(4). Suppose -5*x = -2*m + 27, m - 4*x = -4*m + 76.